. List the prime factors of n.
2, 3
Let d(k) = 5*k + 2. Let g be d(2). Suppose 3*b + 3 - g = 0. List the prime factors of b.
3
Let z(p) = 3*p**2 - 2*p - 8. What are the prime factors of z(-5)?
7, 11
Suppose -2*m + 15 - 3 = -l, -5*m = 5*l - 45. List the prime factors of 44*(m/4 + -1).
3, 11
Let f(u) = u**3 + 8*u**2 + 3*u + 4. Let b be f(-3). Let y(x) = x + 4. Let d be y(0). Suppose 2*n = d*s - b, 7*n - 4*n = 6. List the prime factors of s.
11
Let h(m) = 2*m - 1. Let z(i) = 5 - 2 + 0 + i**3 - 4*i + i**2. Let k be z(2). What are the prime factors of h(k)?
13
Let r = -2 + 4. Suppose 4*c + 3*v + r = 7, c + 4*v = -15. Suppose -5*u + 70 = -5*l, 4*l = 3*u - 2*u - c. What are the prime factors of u?
17
Suppose 0*l + 247 = 5*y - 3*l, 98 = 2*y - 2*l. List the prime factors of y.
2, 5
Let t(l) = 15*l - 4. What are the prime factors of t(7)?
101
Let a(o) = o**2 + 3*o - 2. What are the prime factors of a(4)?
2, 13
Suppose 0 = -23*c + 22*c + 165. What are the prime factors of c?
3, 5, 11
Let w be (-1 - 1)*(-2)/4. Let z be w + 11 - 0 - 0. Suppose 0 = -u - u + z. List the prime factors of u.
2, 3
Let f(j) = -2*j + 6. Let x be f(4). Suppose 2 = o + 1. Let l = o - x. List the prime factors of l.
3
Suppose 2*g = -d + 8, -4 - 17 = -3*d - 3*g. Let l be (d/9 + 0)*3. What are the prime factors of (l/(-1) - -2) + 10?
2, 5
Let c(v) = -2*v - v + 5*v. Let k be c(4). Suppose -4*y = k - 48. What are the prime factors of y?
2, 5
Let b(k) = k**2 + 1. What are the prime factors of b(4)?
17
Let c(l) be the second derivative of l**5/20 + l**4/4 - 5*l**3/6 - l**2 + l. Let b be (4/(-3))/((-6)/(-18)). List the prime factors of c(b).
2
Let b = 19 - 12. Let u(n) = n**3 - n**2 + n. Let y(w) = -2*w**3 + 7*w**2 + 9*w - 4. Let r(m) = u(m) + y(m). List the prime factors of r(b).
17
Suppose -5*i - 27 = -7. Let y = i - -14. List the prime factors of y.
2, 5
Suppose 0 = 4*o + 4*r - 60, -r + 3*r = 4. Let a = o + -9. Suppose -t = -a*j + 6*j - 30, -2*t = -4. List the prime factors of j.
2, 7
Suppose v + 3*v = 404. Let s = v + -69. List the prime factors of s.
2
Let i(s) = s + 16. Let n be i(-9). Let d(z) = 10*z**2 + 27*z + 13. Let q(m) = 7*m**2 + 18*m + 9. Let r(f) = n*q(f) - 5*d(f). List the prime factors of r(-8).
2, 3
Suppose 16*v - 9*v - 756 = 0. List the prime factors of v.
2, 3
Let n be 39/12 + (-1)/4. Let q be n + (3/1 - -15). Let o = q + -4. What are the prime factors of o?
17
Let a(b) = b**3 - 7*b**2 - 3*b + 3. List the prime factors of a(8).
43
Suppose -7*f = -2*f - 155. Suppose -v + f = a - 0*v, 4*v + 21 = a. What are the prime factors of a?
29
Let u(a) = a**3 - 2*a**2 - 2*a + 2. Let g be u(3). Suppose 0 = -g*j - 36 + 171. Suppose -5 = -4*b + j. List the prime factors of b.
2
Let j(l) = -l + 11. Suppose -7*o + 4*o + 24 = 0. Let g be j(o). Let c = 6 + g. What are the prime factors of c?
3
List the prime factors of 323 + 11/((-33)/(-12)).
3, 109
Suppose -2*q = -0*q - 6. Let x be (-132)/(-9)*q/2. Suppose -6*m + m - 3*z - 2 = 0, 0 = m - 5*z - x. List the prime factors of m.
2
Let z(b) = b**2 - b + 1. Let h be z(-4). Suppose -40 = -5*o + 3*x + h, 2*o + x - 20 = 0. What are the prime factors of o?
11
Let s(h) = -h - 10. Let t be s(-15). Suppose t*f - 172 = -7. List the prime factors of f.
3, 11
Suppose 3*u - 25 + 19 = 0. What are the prime factors of u?
2
Suppose -3*p + 71 = -2*z, 10 = -0*z + 2*z. Let c = p + -61. List the prime factors of (c/(-6))/((-2)/(-6)).
17
Suppose -4*d = -5*w - 114, 2*d + 37 = 3*d + 3*w. Suppose 0 = 2*b - 9 - d. What are the prime factors of b?
2, 5
Suppose f - 310 = -l - 64, 1223 = 5*f - 2*l. What are the prime factors of f?
5, 7
Suppose -2*z = -294 + 104. Let m = z - 65. Suppose -5*y - m = -v, 4*y - 6*y = -2*v + 28. What are the prime factors of v?
2, 5
Suppose 2*z + z = -27. Let s be ((-3)/z*0)/1. Suppose 10 = -s*y + y. What are the prime factors of y?
2, 5
Suppose l = -3*l - 4*f, 4*l + f = 9. Let m = 8 - l. What are the prime factors of m?
5
Suppose 271 = s - 4*u, -4*u + 311 = 3*s - 454. List the prime factors of s.
7, 37
Suppose h = -2*h + 36. What are the prime factors of h?
2, 3
Let h = 21 + -29. Let r = h + 14. What are the prime factors of 2*27/r + -2?
7
Let a(w) = 4*w + 7. Let c(x) = -x. Let u(i) = a(i) + 5*c(i). List the prime factors of u(-13).
2, 5
Suppose -11*l + 6*l = -35. Let r(f) = -f**2 + 9*f - 8. Let j be r(l). Suppose j*d - 3*d - 21 = 0. What are the prime factors of d?
7
What are the prime factors of 23 + 2 + (-2 - -1)?
2, 3
What are the prime factors of 9 + 10 + 1 + -5?
3, 5
Let j = -4 + 6. Suppose -r - 3*t = -5, 4*r + j*t = t + 31. List the prime factors of r.
2
Suppose -5*i = -6*j + 8*j - 520, 3*i - j - 323 = 0. What are the prime factors of i?
2, 53
Let s be (9 - 3) + 0/(-2). Suppose -5*m = 14 + s, 13 = -u - 2*m. Let l = u - -14. List the prime factors of l.
3
Suppose q - 32 = -11. Suppose 3*n - 48 = q. What are the prime factors of n?
23
Let g = 10 - 9. List the prime factors of g/(-3*(-3)/207).
23
Let q = 267 - 129. List the prime factors of q.
2, 3, 23
Let d be 24*(4 - (-9)/(-2)). Let c = d + 46. List the prime factors of c.
2, 17
Let j(y) = y - 4*y - y + 3*y + 11. Let r be j(9). Suppose -a - 2*x + 1 = -x, -11 = -r*a + x. List the prime factors of a.
2
Suppose -2*x = -x. Suppose x*p - 4 = -p. Suppose -2*z = -2 - p. List the prime factors of z.
3
Suppose 64 = 2*r + 2*r. Let y = 24 - r. List the prime factors of y.
2
Suppose 0*u = 3*u - 21. List the prime factors of (20/7)/(2/u).
2, 5
Suppose 3*l - 91 = -34. List the prime factors of l.
19
Let u(x) be the second derivative of -7*x**3/6 + 3*x**2 - 5*x. What are the prime factors of u(-5)?
41
Let d = 6 - 4. Suppose -2*o + 5*o + 7 = -x, -3 = -3*o. List the prime factors of d/3 + x/(-3).
2
Let m(l) = -3*l - 4. Let j(k) = 7*k + 9. Let d(w) = 2*j(w) + 5*m(w). List the prime factors of d(-7).
5
Let d = -7 - -4. Let b = 5 + d. List the prime factors of -2 - (-12)/(4/b).
2
Let z(j) = j**3 - 8*j**2 + 5*j + 4. Let o be z(7). Let i = -3 - o. List the prime factors of i.
7
Let j be 1 - (-1)/(-2)*-2. Suppose 0 = -6*p + j*p + 8. Suppose 2*m = -p*m + 8. List the prime factors of m.
2
Let o(i) = -i**3 - 9*i**2 - 10*i + 4. Let w be o(-8). Suppose -2*g - 4*t = -26, 31 + w = 3*g + 2*t. What are the prime factors of g?
19
Let d(q) = q**3 + 4*q**2 + 3*q + 2. What are the prime factors of d(-3)?
2
Let g(w) = w**3 + 20*w**2 - 24*w - 8. What are the prime factors of g(-21)?
5, 11
What are the prime factors of (-1 - 3/7)*-7?
2, 5
Let v(c) = 103*c**2 + 5*c - 14. List the prime factors of v(2).
2, 3, 17
Let g be 8/3*18/4. Let d = -15 + 13. Let c = g + d. What are the prime factors of c?
2, 5
Let b(y) = -y**3 + y + 2. Let x(z) = -5*z**3 - z**2 + 6*z + 9. Let t(p) = -11*b(p) + 2*x(p). List the prime factors of t(4).
2
What are the prime factors of ((-15)/(-10))/((-3)/(-478))?
239
Suppose -38 = -5*i + 17. Let l = i + -7. What are the prime factors of l/3 - (-2)/3?
2
Let i(c) = -c**2 - 4*c. Let q be i(-3). Suppose -10 = q*l - 106. List the prime factors of l.
2
Suppose 0 = -0*l - 3*l + 15. Let q(p) = p**2 + 11*p. Let b be q(-11). Let r = l + b. List the prime factors of r.
5
Suppose -u + 8 = 4*k - 0*k, 40 = 5*u - 5*k. Let a be ((-2)/(-4))/((-1)/u). Let l = 9 + a. List the prime factors of l.
5
Suppose 0 = n - 5*t - 118, -4*n + 2*t + 508 = -54. List the prime factors of n.
11, 13
Let p(u) = 6*u**2 + 2*u - 2. Suppose 2*w = m - 4, -m - 3*m + w = -9. List the prime factors of p(m).
2, 13
Let v(k) be the second derivative of k**5/10 - k**4/6 - k**3/6 - k**2/2 + 10*k. Let p(j) = -j - 1. Let u be p(-3). List the prime factors of v(u).
5
Let o(a) = 3*a + 5. Let m(x) = -5*x - 8. Let f(h) = 5*m(h) + 7*o(h). List the prime factors of f(-4).
11
Suppose 2*m - 4*m + 2*d + 22 = 0, -67 = -5*m + d. What are the prime factors of m?
2, 7
Let m(f) = -7*f - 12. List the prime factors of m(-5).
23
Suppose 2*c = -f + 13, -5*f + 90 = -0*f + 5*c. What are the prime factors of f?
23
Let v = 92 + -58. List the prime factors of v.
2, 17
Let g(h) = h**2 - 9*h - 21. List the prime factors of g(13).
31
Let a = 1 - -8. Let r = a + -3. Let c(l) = 2*l - 7. What are the prime factors of c(r)?
5
Suppose 0 = -2*i + 4*i - 20. Suppose -2*j + j + 4*n = -7, n = 3*j - i. What are the prime factors of j?
3
Let l(c) = c + 10. Let j be l(-8). Suppose 0 = 3*t 